 30/12*(4 - 2). Suppose 0*k - 19 = -k - 2*o, -61 = -4*k - z*o. What is the units digit of k?
9
Suppose -547 = -5*n + 13. What is the hundreds digit of n?
1
Let y = -146 + 268. What is the tens digit of y?
2
Let y(p) = p. Let h be y(1). What is the units digit of 8/(-24)*(-10 + h)?
3
Suppose 5*p - 964 = 661. What is the hundreds digit of p?
3
Let a be (6 - 3 - -1)/2. Suppose 3*w - 4 = a*w. Suppose w*y = 9 + 3. What is the units digit of y?
3
Let t(k) = -3*k + 9. What is the tens digit of t(-20)?
6
Let b(u) = -2 + 2 + 3 + 11*u**2 + 3*u - 5*u**2. What is the units digit of b(-2)?
1
Suppose -4*l + 0*l + 12 = 0. What is the units digit of l?
3
Suppose 5*s + 2*r + 140 = -3*r, 2*s = -5*r - 56. Let u = s + 63. Suppose 0 = -3*t - 2*t + u. What is the units digit of t?
7
Let t = 0 + 0. Let j be t - 0 - (-2)/1. Suppose -5*q + 5 = -4*i - 30, 21 = q + j*i. What is the tens digit of q?
1
Let w = -17 + 40. What is the units digit of w?
3
Let l = -2 + 5. Suppose -3*i + 0*i + l = 0. What is the units digit of i?
1
Let b = 3 + -2. Let o = b - 1. Let j(x) = -x + 1. What is the units digit of j(o)?
1
Let n(u) = -6*u - 51. What is the tens digit of n(-15)?
3
Let c(z) = z**3 + z + 1. Let t(x) = -4*x**3 - 6*x - 5. Let q(v) = 6*c(v) + t(v). What is the units digit of q(1)?
3
What is the hundreds digit of (145 - -3) + 3 - 2?
1
Suppose 0 = -3*g - 6, 2*o + g = 6*g + 14. What is the units digit of o?
2
Let m(r) = r + 2. Let x be m(-7). Let v be 73/(-5) + 2/x. Let p = -7 - v. What is the units digit of p?
8
Let s = -555 - -834. What is the hundreds digit of s?
2
Let v = 6 + -4. Let x be (3 + -1)/((-1)/v). Let d = -2 - x. What is the units digit of d?
2
What is the tens digit of (-124)/(-12) - (-1)/(-3)?
1
Suppose -4*j + 2*d + 20 = 0, 5*d = -5*j + 2*j + 15. Let z = j - 3. Suppose 0 = -z*v + 4*l + 12, -3*v + 18 = -0*v - 2*l. What is the units digit of v?
6
Let c(z) = z**3 + 4*z**3 - 2*z + 1 + 9*z**3 + 2*z**2 + 0*z**3. What is the tens digit of c(1)?
1
Let b(i) = i**2 - 4*i - 5. Suppose -3*q + 11 = 6*w - 4*w, 2 = 5*w - q. Suppose -17 = -3*l + w. What is the units digit of b(l)?
7
Suppose -18 - 16 = -4*b - x, -5*b + 4*x + 53 = 0. What is the units digit of b?
9
What is the units digit of 55 - 8/4*1?
3
Suppose 5*l + 68 = 4*x, -5*x + 0*l + 2*l = -102. What is the tens digit of x?
2
Let z(r) be the first derivative of r**4/4 + 2*r**3 - r**2/2 + 4*r + 2. Let h be z(-4). Suppose -h = -3*l - 10. What is the tens digit of l?
1
Suppose 2*l + 3*l = 30. Let c be l/(-21) + 172/14. What is the units digit of c/2 - (2 - -1)?
3
Let m(l) = 14*l + 10. What is the units digit of m(11)?
4
Let r(n) = 7*n**2 + 4*n - 6. What is the units digit of r(3)?
9
Let k = 11 + -16. Let h = 11 + k. What is the units digit of h?
6
Suppose 0 = j - 5*j + k + 235, -3*k = -2*j + 115. Suppose j = 4*z + 7. Suppose 0 = -x + 3*g - 5, 5*x + 4*g = -0*x + z. What is the units digit of x?
1
Let b(x) = -x - 16. Let q be b(-8). Let z = q - -18. What is the tens digit of z?
1
Let w(h) = -h**3 + 4*h**2 + 6*h - 4. Let q be w(5). What is the units digit of q*(10 - (2 + -1))?
9
Let a(j) = -j**2 + 24*j + 33. What is the units digit of a(19)?
8
Let m(n) = -7*n**2 + 7*n - 21. Let y(f) = -10*f**2 + 11*f - 31. Let t(v) = 7*m(v) - 5*y(v). What is the units digit of t(6)?
8
Let t be ((-2)/(-3))/(2/(-3)). Let j(m) = -23*m. What is the units digit of j(t)?
3
Suppose -5*g + 30 = -0. Suppose -2*i = -g + 2. What is the units digit of i?
2
Suppose 4*j - 6*j = -h + 12, -3*h + 11 = -j. Suppose h*b - 10 = b + k, 3*b = -3*k + 42. What is the units digit of b/(-78) + 134/26?
5
Suppose 4*b - 1 = n, -3*b = n - 2*n. Suppose 0 = 4*j + d, -d = 2*j + n*d + 14. Let r = j - -3. What is the units digit of r?
4
Let u(o) = o**3 + 24*o**2 - 5*o - 3. What is the units digit of u(-24)?
7
Let n = -4 + 23. Let q = -11 + n. Suppose -4*l + 3*l + q = 0. What is the units digit of l?
8
Let q be (3 - (2 - 0))*3. Let j = 32 - q. What is the units digit of j?
9
Let p(o) = o**3 - 10*o**2 + 8*o + 2. Let z be p(9). Let a(j) = -j**2 - 11*j - 6. What is the units digit of a(z)?
2
Suppose -1 + 6 = 5*u. Let q = 1 + u. Suppose 0*z - 16 = -q*z. What is the units digit of z?
8
Let c be (3 - 3) + -54 - -2. Let x = -31 - c. What is the units digit of x?
1
Let t(c) be the first derivative of c**2 - 7*c - 3. What is the units digit of t(8)?
9
Let d = -377 - -633. What is the units digit of d?
6
Suppose z = -5*y + 23, -11 = 3*z + 2*y - 3*y. What is the units digit of 2*z/(4/(-2))?
2
Suppose -2*m - 4*m = -732. What is the units digit of m?
2
Suppose -2*m + 3 + 3 = 0. Let g be m/6 - 38/4. What is the units digit of g/(-6) + 1/(-2)?
1
Let p = -8 + -43. Let b = p + 73. What is the tens digit of b?
2
Let r(l) = -2*l - 1. Let b be r(4). Let a = b - -11. Suppose -3*p = 3*v - a*p - 17, 3*p = 3*v - 21. What is the units digit of v?
6
Suppose -16*k = -15*k - 5. Suppose 4*h - 2*h = n - 18, -k*n = 4*h - 90. What is the units digit of n?
8
Let j = 11 + -7. Let f(l) = l**3 + 5*l**2 - 6*l - 3. Let x be f(-6). Let z = j + x. What is the units digit of z?
1
Suppose 3*m + 3*l - 19 = 2*l, 4*m - 16 = l. Let d(i) = -i**2 + 6*i - 3. Let a be d(m). Let w(k) = k**3 + k**2 + 1. What is the tens digit of w(a)?
1
Let j = 42 + -8. What is the units digit of j?
4
Let j(s) = 6*s - 3*s - 6 + s**2 + 0*s**2. What is the units digit of j(4)?
2
Suppose 2*k + 21 = -k. Let z = 10 + k. What is the units digit of z?
3
Suppose 0 = 5*f - 20, 0 = -4*c - f + 34 - 2. Let a(w) = w**3 - 8*w**2 + 8*w. What is the units digit of a(c)?
7
Let k(n) = n**2 + 2*n - 4. What is the units digit of k(-4)?
4
Let x(b) = 37*b**2 - b. What is the tens digit of x(1)?
3
What is the units digit of -3 - -8 - 9 - (-216 + 1)?
1
Suppose 0 = -4*m + 659 + 233. What is the hundreds digit of m?
2
Let f = -1 + 5. Suppose -f*d = -6 - 26. Suppose 2*h - 5 - 2 = -3*s, -4*h + d = 4*s. What is the units digit of s?
3
Let u = -28 - -43. What is the tens digit of u?
1
Suppose c + 100 = 6*c. What is the tens digit of c?
2
Let g(y) = y**3 - 4*y**2 - 4*y - 1. Let a be g(5). Suppose x - k - a*k = -5, x - 27 = -3*k. Let v = -9 + x. What is the units digit of v?
6
Suppose 2*o - 51 + 9 = 0. What is the units digit of o?
1
Let q = 13 + 10. What is the tens digit of q?
2
Let s(t) = -t**2 - 8*t + 6. What is the units digit of s(-8)?
6
Let f be ((-1)/2 + -1)*-2. Suppose -4*o = 12, -4*z = f*o - 7*o - 68. What is the tens digit of z?
1
Suppose 20 + 10 = 5*c. Suppose -5*t = 4*u - 80, -u + c*u + t = 100. Suppose -3*y + p + u + 23 = 0, -5*y + 3*p + 77 = 0. What is the tens digit of y?
1
Suppose -6*j + 592 = 202. What is the units digit of j?
5
Let t(p) = -p**3 - 4*p**2 + 3. Let o be t(-4). Suppose -44 = -o*l - 2. What is the tens digit of l?
1
What is the tens digit of 856/6 - (10/(-3) + 3)?
4
What is the units digit of (-2)/(-4) + (-247)/(-2)?
4
Let j = 37 + -58. Let s = j + 35. What is the tens digit of s?
1
Let z = -2 + 82. What is the tens digit of z?
8
Let b = 322 + -83. What is the units digit of b?
9
Suppose -141 = -8*h + 7*h. What is the tens digit of h?
4
Suppose b = -4*b - 90. Let q = b - -32. What is the tens digit of q?
1
Let v(t) = -3*t + 1. Let l be v(-3). Suppose -d + 6*d = -l. Let s(u) = 2*u**2 + 2*u + 2. What is the units digit of s(d)?
6
Suppose 14*s - 9*s - 290 = 0. Let t = 98 - s. What is the tens digit of t?
4
Let l = -108 + 153. What is the units digit of l?
5
Suppose -2*j + 4*j - i - 59 = 0, 3*j + 3*i - 93 = 0. What is the units digit of j?
0
Let o(m) = 15*m + 12. Let y(k) = 4*k + 3. Let w(v) = 6*o(v) - 22*y(v). What is the tens digit of w(6)?
1
What is the units digit of 1*4/4*25?
5
Let i = 2 - 8. Let h(k) = k**2 + 7*k + 7. Let y be h(i). What is the units digit of y + (0/3)/3?
1
Let k = 61 - -17. Let g = k - 50. What is the tens digit of g?
2
Suppose 0 = 4*i - i, -o = 5*i - 2. What is the units digit of o?
2
Suppose -10 = f - 0*f. Let s = 20 + f. What is the units digit of s?
0
Let o(t) = t**2 - t + 22. Let n(m) = m**3 - 5*m**2 - 7*m + 6. Let v be n(6). What is the units digit of o(v)?
2
Let s = 14 - -37. What is the tens digit of s?
5
Suppose 0 = 4*s - 9*s + 20. Suppose 0 = -0*r - s*r. Suppose r*j + 14 = j. What is the units digit of j?
4
Suppose 3*w + 21 = -0. Let a = 0 - 14. Let l = w - a. What is the units digit of l?
7
Let x be 50/6 + 1/(-3).